{"id":4908,"date":"2020-10-06T15:27:22","date_gmt":"2020-10-06T12:27:22","guid":{"rendered":"http:\/\/argininsaat.com\/?page_id=4908"},"modified":"2020-10-17T20:18:46","modified_gmt":"2020-10-17T17:18:46","slug":"cuneyt-argin","status":"publish","type":"page","link":"https:\/\/argininsaat.com\/?page_id=4908","title":{"rendered":"C\u00dcNEYT ARGIN"},"content":{"rendered":"<p style=\"text-align: center;\"><strong>Biz <u>ARGIN \u0130N\u015eAAT<\/u> olarak hem bug\u00fcn hem de gelecek i\u00e7in tasarlanm\u0131\u015f y\u00fcksek kaliteli ya\u015fam alalar\u0131 in\u015fa ediyoruz ve projelerimizin alt\u0131na imzam\u0131z\u0131 atmaktan gurur duyuyoruz. \u0130lkemiz, topluma hizmet etmek ve \u00fclkemizin refah\u0131na sonsuz \u00f6nem vermektir.<\/strong><\/p>\n<p><strong>Kendimizi topluma kar\u015f\u0131 sorumlu hissediyoruz yaln\u0131zca in\u015faat,\u00a0 projeleriyle de\u011fil ve \u00e7evre anlam\u0131nda da topluma katk\u0131da bulunmay\u0131 kendimize g\u00f6rev biliyoruz. \u00c7\u00fcnk\u00fc g\u00f6n\u00fclden inan\u0131yoruz ki; en iyi yat\u0131r\u0131m insana ve\u00a0 gelece\u011fe yap\u0131lan yat\u0131r\u0131md\u0131r<\/strong><\/p>\n<p style=\"text-align: center;\"><strong>Biz, <u>ARGIN \u0130N\u015eAAT<\/u> olarak m\u00fc\u015fterilerimizin ya\u015fam kalitesini y\u00fckseltecek ya\u015fam alanlar\u0131 in\u015fa etmeye; i\u015flevsel ve estetik ba\u011flamda birebir \u00f6rt\u00fc\u015fen g\u00fcvenli yuvalar kurmaya devam edece\u011fiz. Her giri\u015fimimizde, insano\u011fluna olan ba\u011f\u0131ml\u0131l\u0131\u011f\u0131m\u0131z\u0131 s\u00fcrd\u00fcrece\u011fiz.<\/strong><\/p>\n<p style=\"text-align: center;\"><strong>C\u00dcNEYT ARGIN<\/strong><\/p>\n<p style=\"text-align: center;\">\n","protected":false},"excerpt":{"rendered":"<p>Biz ARGIN \u0130N\u015eAAT olarak hem bug\u00fcn hem de gelecek i\u00e7in tasarlanm\u0131\u015f y\u00fcksek kaliteli ya\u015fam alalar\u0131 in\u015fa ediyoruz ve projelerimizin alt\u0131na imzam\u0131z\u0131 atmaktan gurur duyuyoruz. \u0130lkemiz, topluma hizmet etmek ve \u00fclkemizin refah\u0131na sonsuz \u00f6nem vermektir. Kendimizi topluma kar\u015f\u0131 sorumlu hissediyoruz yaln\u0131zca in\u015faat,\u00a0 projeleriyle de\u011fil ve \u00e7evre anlam\u0131nda da topluma katk\u0131da bulunmay\u0131 kendimize g\u00f6rev biliyoruz. \u00c7\u00fcnk\u00fc g\u00f6n\u00fclden&#8230;<\/p>\n","protected":false},"author":1,"featured_media":0,"parent":0,"menu_order":0,"comment_status":"closed","ping_status":"closed","template":"","meta":{"footnotes":""},"class_list":["post-4908","page","type-page","status-publish","hentry"],"_links":{"self":[{"href":"https:\/\/argininsaat.com\/index.php?rest_route=\/wp\/v2\/pages\/4908"}],"collection":[{"href":"https:\/\/argininsaat.com\/index.php?rest_route=\/wp\/v2\/pages"}],"about":[{"href":"https:\/\/argininsaat.com\/index.php?rest_route=\/wp\/v2\/types\/page"}],"author":[{"embeddable":true,"href":"https:\/\/argininsaat.com\/index.php?rest_route=\/wp\/v2\/users\/1"}],"replies":[{"embeddable":true,"href":"https:\/\/argininsaat.com\/index.php?rest_route=%2Fwp%2Fv2%2Fcomments&post=4908"}],"version-history":[{"count":13,"href":"https:\/\/argininsaat.com\/index.php?rest_route=\/wp\/v2\/pages\/4908\/revisions"}],"predecessor-version":[{"id":5606,"href":"https:\/\/argininsaat.com\/index.php?rest_route=\/wp\/v2\/pages\/4908\/revisions\/5606"}],"wp:attachment":[{"href":"https:\/\/argininsaat.com\/index.php?rest_route=%2Fwp%2Fv2%2Fmedia&parent=4908"}],"curies":[{"name":"wp","href":"https:\/\/api.w.org\/{rel}","templated":true}]}}